= 3*b**2 + 13*b + 5. Calculate i(-6).
35
Let x(c) = c**3 + 6*c**2 - 14*c + 12. Give x(-8).
-4
Let j(o) = o**3 - 6*o**2 - 8*o + 13. Calculate j(7).
6
Let z(d) = -d. What is z(1)?
-1
Let m(w) = -14*w + 85. Calculate m(3).
43
Let g(u) = 31*u + 439. Give g(-14).
5
Let g(j) = -47*j - 18. Determine g(0).
-18
Let x(n) = -2*n**3 + 29*n**2 + 15*n - 5. Give x(15).
-5
Let l(n) = -n**3 + 8*n**2 - 16*n + 59. Give l(7).
-4
Let u(o) = 2*o**2 - 20*o + 37. Give u(7).
-5
Let t(x) = -x**2 + 2*x + 11. What is t(0)?
11
Let t(y) = y**2 - 3*y - 33. Calculate t(7).
-5
Let s(u) = -u - 36. Give s(-24).
-12
Let r(t) = 3*t + 2. Give r(-4).
-10
Let y(q) = 3*q + 10. Calculate y(-5).
-5
Let d(j) = -18*j**3 - j**2 - j + 1. What is d(1)?
-19
Let j(v) = -v**2 + 6*v + 7. Give j(8).
-9
Let s(x) = -34*x**2 + 173*x - 3. Determine s(5).
12
Let c(x) = -2*x**2 + 7*x + 2. Determine c(5).
-13
Let z(o) = 32*o - 102. Calculate z(3).
-6
Let j(u) = 2*u - 50. Determine j(15).
-20
Let s(c) = -c**3 + 14*c**2 + 16*c - 12. Determine s(15).
3
Let g(c) = -2*c**2 - 7*c - 5. Determine g(-4).
-9
Let w(l) = -8*l**2 - 63*l - 117. Give w(-5).
-2
Let f(u) = 31*u - 27. Calculate f(5).
128
Let z(o) = o**2 + 8*o + 7. What is z(-7)?
0
Let s(v) = v**2 + 44*v + 193. Determine s(-39).
-2
Let f(l) = 2*l + 49. Calculate f(-3).
43
Let f(q) = -q**3 - 6*q**2 + 19*q + 6. What is f(-8)?
-18
Let g(m) = -3*m**2 + 8. Determine g(-5).
-67
Let w(i) = -22*i**3 - i**2. What is w(-1)?
21
Let v(t) = 2*t**2 - 58*t + 410. Determine v(17).
2
Let w(s) = 12*s + 174. Calculate w(-15).
-6
Let b(u) = -14*u + 105. What is b(7)?
7
Let k(a) = -3*a - 61. Calculate k(-24).
11
Let l(n) = n**3 + 6*n**2 + 6*n + 3. Determine l(-4).
11
Let d(i) = 2*i + 10. Give d(-8).
-6
Let r(k) = -20*k - 14. Calculate r(-2).
26
Let x(z) = -z**2 - 2*z + 6. What is x(0)?
6
Let r(d) = -d**3 + 19*d**2 - 35*d - 16. What is r(17)?
-33
Let u(m) = -m**3 + 14*m**2 + 32*m + 9. Give u(16).
9
Let a(q) = 12*q**2 - 2*q + 2. Give a(1).
12
Let l(b) = -b**3 - 11*b**2 + 2*b + 2. What is l(-11)?
-20
Let b(p) = -5*p - 13. What is b(-9)?
32
Let a(v) = v**3 - 20*v**2 + 22*v - 40. Determine a(19).
17
Let b(i) = i**3 - 6*i**2 + 3*i - 8. Give b(6).
10
Let k(g) = -g**3 + g**2 - 2*g + 3. What is k(0)?
3
Let v(r) = -r**2 + 2*r + 11. Give v(5).
-4
Let s(c) = -c**3 + 13*c**2 - 20*c - 27. Determine s(11).
-5
Let o(x) = -6*x + 5. Determine o(1).
-1
Let d(o) = o**3 - 9*o**2 - o - 6. Calculate d(9).
-15
Let h(k) = 21*k - 99. Give h(6).
27
Let n(u) = u**2 + 47*u + 561. What is n(-24)?
9
Let f(q) = -11*q**2 + 2*q + 1. Calculate f(1).
-8
Let t(c) = c**2 - 22*c - 109. Give t(26).
-5
Let d(t) = t**2 - 13*t + 22. Give d(10).
-8
Let s(g) = -g**3 + 19*g**2 - g + 27. Determine s(19).
8
Let w(r) = -34*r**2 - 2*r + 2. Determine w(1).
-34
Let s(c) = c**3 + 7*c**2 + 2*c + 1. Determine s(-7).
-13
Let p(h) = h**3 - 5*h**2 + 3*h + 5. Determine p(4).
1
Let k(x) = 2*x**2 - 5*x - 3. What is k(-5)?
72
Let m(b) = b**3 - b**2 - b - 6. Calculate m(3).
9
Let a(w) = -w + 14. What is a(9)?
5
Let l(s) = s**3 - 16*s**2 + 28*s - 9. Calculate l(14).
-9
Let v(r) = -2*r**2 - 35*r - 71. Give v(-15).
4
Let b(g) = -g**2 - 4. Determine b(2).
-8
Let c(b) = 8*b - 2. Give c(-2).
-18
Let m(c) = 24*c**2 - c - 1. Determine m(-1).
24
Let j(t) = 4*t**2 - 22*t - 43. Give j(7).
-1
Let m(q) = 5*q + 13. Determine m(-3).
-2
Let d(g) = -81*g - 483. What is d(-6)?
3
Let n(u) = 2*u**2 + 3*u + 3. Give n(-4).
23
Let j(s) = s**3 + 4*s**2 - 2*s - 4. Determine j(-5).
-19
Let n(i) = 3*i + 14. What is n(-3)?
5
Let n(o) = -o**2 - 111*o - 221. Calculate n(-2).
-3
Let z(s) = -3*s**2 + s - 11. What is z(3)?
-35
Let m(a) = -34*a**3 + a**2 - 3*a + 2. Determine m(1).
-34
Let y(f) = -4*f + 15. Determine y(7).
-13
Let j(l) = l**3 + 5*l**2 - 4*l - 8. Give j(-6).
-20
Let q(m) = -m**2 - 14*m + 143. Calculate q(-21).
-4
Let j(q) = -q + 6. Give j(5).
1
Let c(r) = -3*r + 55. Calculate c(17).
4
Let r(t) = -3*t**2 - 54*t - 2. What is r(-18)?
-2
Let w(j) = j**3 - 6*j**2 - 3*j - 8. Give w(7).
20
Let u(f) = f**3 - 3*f**2 - 19*f + 57. Determine u(4).
-3
Let z(h) = -38*h**2 - h + 2. What is z(1)?
-37
Let r(t) = -t**3 - 11*t**2 - 34*t - 21. What is r(-6)?
3
Let j(g) = -2*g**2 + 73*g - 100. Give j(35).
5
Let b(a) = a**3 + 10*a**2 + 5*a - 5. What is b(-9)?
31
Let g(q) = -q**3 - 4*q**2 + 3*q - 5. What is g(-5)?
5
Let p(m) = -m**3 - 7*m**2 - 4*m + 4. Give p(-5).
-26
Let t(v) = -5*v**2 + 14*v - 4. Give t(3).
-7
Let j(w) = w**2 + 16*w + 31. What is j(-13)?
-8
Let t(i) = -2*i**2 + i - 3. Determine t(1).
-4
Let w(a) = a**2 + 23*a - 1. Give w(-23).
-1
Let d(w) = 5*w + 6. Determine d(-3).
-9
Let b(r) = -r**3 + 6*r**2 + 6*r - 5. Determine b(6).
31
Let k(p) = p**3 - 7*p**2 + 7*p - 8. Give k(4).
-28
Let k(q) = q**2 + 9*q + 5. Give k(-10).
15
Let r(k) = -7*k - 19. What is r(6)?
-61
Let u(m) = m**3 - 8*m**2 + 2*m - 8. Determine u(8).
8
Let o(f) = -22*f**3 - 2*f + 1. Give o(1).
-23
Let n(o) = o**3 + 9*o**2 + 6*o + 21. What is n(-9)?
-33
Let k(s) = -s**2 - 5*s - 6. What is k(-2)?
0
Let t(w) = -w**3 - 17*w**2 - 31*w - 12. Determine t(-15).
3
Let q(t) = 7*t**2 - 19*t + 3. Calculate q(3).
9
Let g(i) = i**3 - 3*i - 5. What is g(-4)?
-57
Let j(z) = 3*z**2 + 24*z + 10. What is j(-8)?
10
Let x(j) = -20*j + 20. What is x(6)?
-100
Let r(l) = l + 26. Give r(0).
26
Let i(x) = 5*x + 1. Give i(1).
6
Let g(r) = -4*r - 138. Give g(-37).
10
Let s(d) = -d**2 - 5*d - 7. Calculate s(-6).
-13
Let a(z) = -z**2 + 12. Determine a(0).
12
Let g(k) = -k**3 + 10*k**2 + 11*k - 3. Calculate g(11).
-3
Let m(u) = 3*u**2 - 49*u + 52. Calculate m(15).
-8
Let t(b) = b**3 - 4*b**2 - 5*b - 5. Give t(5).
-5
Let p(w) = -2*w - 7. Calculate p(-2).
-3
Let a(l) = -l**3 + 7*l**2 + 6. What is a(7)?
6
Let g(c) = -4*c + 54. Calculate g(14).
-2
Let l(d) = d**3 + 7*d**2 - 11*d - 11. Give l(-8).
13
Let y(b) = -3*b**3 + 24*b**2 + 6. Give y(8).
6
Let o(u) = -u**3 - 4*u**2 + 14*u + 1. Give o(-6).
-11
Let d(t) = 5*t - 59. Calculate d(10).
-9
Let w(k) = -2*k**2 - 44*k + 32. Determine w(-24).
-64
Let h(c) = 7*c - 52. What is h(8)?
4
Let h(r) = 2*r**2 + r. Give h(2).
10
Let c(x) = -x**3 - 9*x**2 - 17*x - 19. What is c(-6)?
-25
Let a(s) = s**3 + 5*s**2 + s + 2. Determine a(-5).
-3
Let o(t) = -t**3 + 24*t**2 - 2*t + 56. What is o(24)?
8
Let n(s) = 4*s + 17. What is n(6)?
41
Let g(h) = 4*h. Calculate g(5).
20
Let p(q) = 7*q + 20. What is p(-7)?
-29
Let z(i) = -i**2 + 6*i + 7. Calculate z(-5).
-48
Let z(r) = 12*r + 1. Calculate z(1).
13
Let k(p) = 2*p**2 + 22*p + 15. Give k(-10).
-5
Let i(h) = 54*h - 162. What is i(3)?
0
Let t(j) = j - 35. Give t(21).
-14
Let b(c) = -c + 9. What is b(8)?
1
Let z(v) = v**3 + 24*v**2 + 107*v - 17. What is z(-18)?
1
Let h(n) = n - 10. Calculate h(10).
0
Let b(u) = u**3 - 2*u**2 - 7*u + 3. Calculate b(4).
7
Let v(a) = a**3 - 23*a**2 - 78*a + 4. Give v(26).
4
Let a(d) = -3*d**3 - 50*d**2 + 20*d + 23. Determine a(-17).
-28
Let i(b) = b**3 - 13*b**2 - 14*b + 1. What is i(14)?
1
Let m(r) = r**2 + 3*r - 5. What is m(6)?
49
Let g(k) = -2*k**3 + 28*k**2 - 24*k - 19. Give g(13).
7
Let v(w) = -19*w**2 - 2*w - 2. Calculate v(-1).
-19
Let p(v) = 16*v - 5. Give p(2).
27
Let r(d) = 2*d + 27. Give r(-11).
5
Let q(t) = t**3 - 9*t**2 + 6*t + 9. Give q(8).
-7
Let w(a) = a**2 - 13*a + 13. Determine w(12).
1
Let d(q) = -q**3 + 8*q**2 + 6*q + 22. Calculate d(9).
-5
Let j(y) = 17*y**2 - 3*y + 1. Give j(1).
15
Let r(i) = -i + 18. What is r(9)?
9
Let k(v) = -3*v + 29. Give k(8).
5
Let f(c) = 44*c - 219. What is f(5)?
1
Let m(a) = -2*a**2 - 55*a + 435. Calculate m(-34).
-7
Let b(z) = -2*z**3 - 4*z**2 - 23*z - 45. What is b(-2)?
1
Let n(i) = i**2 + 4*i - 9. Determine n(3).
12
Let p(a) = a**2 + 11*a - 10. Determine p(-9).
-28
Let u(r) = 7*r + 137. Give u(-19).
4
Let j(v) = 4*v - 2. What is j(3)?
10
Let a(k) = 63*k - 1001. Give a(16).
7
Let j(o) = o**3 + 3*o**2 - 15*o + 10. What is j(-6)?
-8
Let f(u) = -u**3 + 13*u**2 - 24*u. Determine f(11).
-22
Let l(h) = -7*h - 3. Calculate l(-7).
46
Let f(v) = -v - 35. What is f(-23)?
-12
Let n(i) = -5*i - 159. What is n(-26)?
-29
Let z(f) = -f**3 + 10*f**2 - 4*f - 43. What is z(9)?
2
Let s(x) = -x**2 + 2*x - 3. What is s(-5)?
-38
Let g(v) = v**3 - 17*v**2 - 17*v - 1. Calculate g(18).
17
Let w(j) = 2*j**2 - 8*j + 5. Determine w(5).
15
Let w(t) = -t**3 + 5*t - 4. What is w(3)?
-16
Let d(q) = -q**3 - 11*